2)*0/1. Suppose 9*w - g = 4*w + 203, v = -w + 2*g + 46. Let r be -2 + 33/18 + (-35)/42 + 11. Calculate the highest common divisor of r and w.
10
Let n be (-474)/((-8 - (-5 - -3))/1). Suppose 3*f + 2*m = 466, 2*f - 6*m = -m + 336. Calculate the highest common divisor of n and f.
79
Let f be 11/66*12*190. Calculate the highest common factor of 60 and f.
20
Let k be (-146)/10 + 4/(-10). Let a(r) = 9*r**2 + 3*r - 4. Let u be a(1). Let f = u - k. What is the highest common divisor of 207 and f?
23
Let m(k) = -2*k - 4. Let r be ((-12)/(-2))/((-3 - -1) + 1). Let q be m(r). Let g = 10 - -46. Calculate the highest common divisor of q and g.
8
Let n = -6836 - -7992. What is the greatest common factor of 7803 and n?
289
Let o(n) = -47*n - 1429. Let x be o(-32). What is the highest common factor of 735 and x?
15
Suppose c + 5*g - 3650 = 0, 4*c - 5*g - 3881 = 10619. Calculate the highest common factor of c and 30.
30
Let r be (-9 + 7)/((-1)/(-11)*-1). Suppose -11*l + 1100 = r. Calculate the highest common divisor of l and 539.
49
Let o be ((-3483)/54)/((-30)/1300). What is the greatest common factor of o and 172?
43
Let n = -662 - -676. Suppose -n*w = -11*w - 264. What is the highest common factor of 440 and w?
88
Let d = -5 - -19. Suppose 1 = 4*c - 3*b + 6, -3*b = 2*c + 7. Let v be (-2)/10 - ((-192)/10 + c). Calculate the greatest common factor of v and d.
7
Let y = 9 + -4. Let k(p) = 6*p + 4 + 3*p - p - 14*p + 2*p**2 + 0*p. Let w be k(y). What is the highest common divisor of w and 24?
24
Let q(a) = -3*a - 4. Let f be q(-8). Suppose -3*p = 2*j + 95, -j - 3*p - 35 = f. Let z = 49 + j. What is the highest common divisor of 81 and z?
9
Suppose -4*c + 146 = -166. Let l = -401904 + 402008. What is the greatest common divisor of l and c?
26
Let m = 4 - -1. Suppose 4*o + 10 = m*o. Let u = 40 + 50. Calculate the highest common divisor of u and o.
10
Let w = -5095 - -5320. What is the greatest common divisor of w and 3195?
45
Let d(j) = -8*j**2 - 535*j + 64. Let t be d(-64). Calculate the highest common divisor of t and 408.
24
Suppose 3520 = 95*i - 55*i. Calculate the highest common factor of 1100 and i.
44
Let y(c) = -31 - 11*c - 19*c - 62 + 5*c. Let g be y(-12). What is the highest common factor of 9 and g?
9
Let d = -1788 - -1153. Let l = 721 + d. Calculate the highest common divisor of 473 and l.
43
Let k(u) = -1379*u - 2566. Let m be k(-2). Calculate the highest common factor of m and 20736.
192
Let m(a) be the third derivative of -a**4/24 + 2*a**3/3 + 31*a**2. Let y be m(4). Let n be (-4)/8*(y + -198). What is the greatest common divisor of n and 66?
33
Suppose 0 = 5*b - 5*c - 50, -3*b + 39 = -5*c + 1. Suppose -26 = -4*f - b. Suppose -4*q = f*q - 1512. What is the greatest common divisor of 24 and q?
24
Suppose -2*l + 18 + 20 = -2*d, 5*l - d - 107 = 0. Let x be 1*2*(-4)/8. Let o(n) = 33*n**2. Let s be o(x). Calculate the highest common factor of l and s.
11
Let d(f) = 87*f**3 + f**2 + f - 1. Let r(q) = -3*q + 25. Let k be r(8). Let w be d(k). What is the highest common divisor of 11 and w?
11
Let x = 15 + -10. Suppose 185 = 4*f + 5*r, 41 = -4*f - r + 206. What is the highest common factor of f and x?
5
Suppose q - 110 = 5*l, -5*q - 350 = -2*l - 785. What is the greatest common factor of q and 6715?
85
Let g be 44/((-1 - 54/(-60))*-4). Calculate the highest common factor of 230 and g.
10
Let s = 75 - 15. Suppose -58*b - 6 = -s*b. Suppose -8 = -4*d + y, 0*y + y = b*d - 7. What is the highest common factor of d and 8?
1
Suppose -5*g + 32 = 4*a, 7*g = 4*g - 3*a + 21. Let b = g + -1. Let w be (b - 7/1) + 16. Calculate the highest common divisor of w and 6.
6
Suppose 2*p = -2*p + 384. Suppose 8*w + 4*w - p = 0. Let u be (-4345)/(-77) - 3/7. What is the greatest common divisor of u and w?
8
Let f(z) = z**3 - 8*z. Let v be f(6). Suppose -5*c + 104*d + 422 = 103*d, 262 = 3*c - 5*d. Calculate the highest common divisor of c and v.
84
Let i(z) = 11*z - 11. Let q be i(6). Let y = q + -59. Let a be 0 - (-1 + 0 - y/(-2)). Calculate the greatest common divisor of a and 2.
1
Suppose -33*z - 9198 = 735. Let b = 471 + z. Calculate the greatest common factor of 34 and b.
34
Let u(a) = 850*a - 5095. Let f be u(7). Calculate the highest common divisor of 315 and f.
45
Suppose 575*k - 579*k - 3*y + 325 = 0, -5*y = -k + 110. Suppose 0 = u + 2*u - 102. What is the highest common factor of k and u?
17
Suppose -2*a - 5*x = -44, -2*a + a + 8 = -x. Suppose -104*y + 22733 + 38419 = 0. What is the greatest common divisor of y and a?
12
Let c = -53 - -23. Let i be ((-18)/c)/((-3)/(-10)). Suppose 0 = m + h - 119, i*m + 3*m = 4*h + 577. What is the greatest common divisor of 13 and m?
13
Let q be (3 + -2)*(417 + 2). Let x = q + -74. Suppose -5*g + 4*l + x = -146, g + 3*l - 83 = 0. Calculate the highest common factor of 19 and g.
19
Suppose 3*x + 85 = -0*m + 5*m, 2*m - 48 = 4*x. Suppose 6*k - 3800 = -4*k. Suppose 5*t - k = 110. Calculate the highest common divisor of t and m.
14
Suppose -2*c + 24 = 2*y, -y + 13*c + 17 = 15*c. Suppose -y*u = f - 9*u - 408, f = -4*u + 426. Calculate the greatest common factor of 18 and f.
18
Suppose 0 = 4*d - 8, -4*v - 2*d - 5 = -17. Suppose 0*l + v*l - 24 = 0. Let u be ((-24)/27)/(16/(-72)). What is the greatest common factor of u and l?
4
Let a be (-46269)/(-194) - 7/(70/(-15)). What is the greatest common divisor of 4848 and a?
48
Let i(b) = b**3 + 5*b**2 + 4*b - 30. Let s be i(2). Calculate the highest common divisor of 4224 and s.
6
Suppose 0 = -4*i + i + 1506. Suppose -5*a = -i - 763. Let h be (-7056)/(-315) - 1/((-4)/24*10). Calculate the greatest common divisor of a and h.
23
Suppose 3*o + 737 = -v + 34, v + 5*o + 701 = 0. Let i = 711 + v. Calculate the highest common factor of 125 and i.
5
Let f(n) = 114*n**2 + 110*n - 41. Let g be f(-6). What is the highest common factor of g and 332?
83
Let u(h) = h**3 + 7*h**2 - 65*h - 14. Let q be u(-10). What is the highest common divisor of 378 and q?
42
Suppose 3*v + 5*n + 4 = -0*n, 0 = -v - n. Suppose 3*s - v = -b + 93, -3*s + 3*b = -99. What is the highest common divisor of 2 and s?
2
Suppose 0 = -5*g + 4*m + 360, 0*g - 2*m = 2*g - 162. Calculate the greatest common factor of 2432 and g.
76
Let k = 10747 - 3565. What is the highest common factor of k and 21?
21
Let z = 71 - 73. Let k be 0/(z/6*-6). Suppose -q + b + 71 = k, 5*q + b - 151 = 3*q. Calculate the highest common divisor of 111 and q.
37
Suppose 6*d + 56 = 7*d. Let n = -10 - -10. Suppose n = 31*q - 27*q - d. Calculate the greatest common factor of q and 14.
14
Suppose 2*a + 0*y = -y + 6, 4 = a + y. Let l be 60/5 - (-4 + a). Let h be (-62)/(-3) + (-2 - l/(-6)). Calculate the greatest common divisor of h and 105.
21
Let d be (-3026)/119 + 6/14. Let q be (-1 - -426)*(-3 - 90/d). Suppose v - 80 = -5*a, -5*v + 18 = -5*a + 68. Calculate the highest common factor of q and a.
15
Suppose 0 = -2*t + 181 + 105. Suppose -64 = -3*j + t. Calculate the highest common divisor of j and 115.
23
Let n(z) = 13*z**2 + 4*z - 4. Let d be n(5). Let u = 457 - 311. Suppose -u = -8*k + 102. Calculate the greatest common factor of d and k.
31
Suppose -x - 5*d - 8 = 0, 5*x - d - 6 = -3*d. Suppose 0*v = x*v - 198. Let a(w) = 106*w + 647. Let b be a(-6). Calculate the greatest common divisor of b and v.
11
Let d = -8978 + 9083. Suppose -7*b + 3*b + 277 = 5*j, 5*j = b - 38. What is the highest common divisor of d and b?
21
Let r(l) = l**3 + 5*l**2 + 4*l. Let c be r(-2). Suppose c*g = 2*g + 896. What is the highest common factor of 28 and g?
28
Let z = -3914 - -3925. Let a be 2/(-3) - 167/(-3). Calculate the greatest common divisor of a and z.
11
Suppose -3*k = k. Suppose -31*f + 174 + 198 = 0. Suppose -5*v = -4*d - 24, -5*d = -v - k*v - f. Calculate the highest common divisor of 32 and v.
8
Suppose -3*i - 2*z + 11 = 0, 3*i = -3*z + 13 - 4. Suppose -3*t = i - 35. Let m be 138/10 - (-86)/430 - -36. What is the highest common divisor of t and m?
10
Suppose l = 2*l. Suppose -4*m + 2*f + 206 = 0, -4*m - 3*f + l*f = -201. What is the highest common factor of m and 459?
51
Let d(r) = 65*r**2 + r. Let q be d(1). Let v(s) = 12*s**2 - 149*s + 609. Let b be v(7). What is the highest common factor of q and b?
22
Let f(b) = 62*b - 3. Let u be f(1). Suppose 2*s + 174 = -4*j - 0*s, 0 = 3*j